{"id":90391,"date":"2015-03-26T11:40:17","date_gmt":"2015-03-26T16:40:17","guid":{"rendered":"https:\/\/www.formeduc.ca\/wp-content\/uploads\/woocommerce_uploads\/2012\/05\/D\u00e9tection-et-pr\u00e9vention-des-abus-sexuels.pdf"},"modified":"2015-03-26T11:40:17","modified_gmt":"2015-03-26T16:40:17","slug":"detection-et-prevention-des-abus-sexuels-2","status":"inherit","type":"attachment","link":"https:\/\/www.formeduc.ca\/en\/detection-et-prevention-des-abus-sexuels-2\/","title":{"rendered":"D\u00e9tection et pr\u00e9vention des abus sexuels"},"author":1175,"featured_media":0,"comment_status":"open","ping_status":"closed","template":"","meta":{"_acf_changed":false},"class_list":["post-90391","attachment","type-attachment","status-inherit","hentry"],"acf":[],"yoast_head":"<!-- This site is optimized with the Yoast SEO plugin v26.5 - https:\/\/yoast.com\/wordpress\/plugins\/seo\/ -->\n<title>D\u00e9tection et pr\u00e9vention des abus sexuels - Formeduc<\/title>\n<meta name=\"robots\" content=\"index, follow, max-snippet:-1, max-image-preview:large, max-video-preview:-1\" \/>\n<link rel=\"canonical\" href=\"https:\/\/www.formeduc.ca\/en\/detection-et-prevention-des-abus-sexuels-2\/\" \/>\n<meta property=\"og:locale\" content=\"en_US\" \/>\n<meta property=\"og:type\" content=\"article\" \/>\n<meta property=\"og:title\" content=\"D\u00e9tection et pr\u00e9vention des abus sexuels - Formeduc\" \/>\n<meta property=\"og:description\" content=\"D\u00e9tection et pr\u00e9vention des abus sexuels\" \/>\n<meta property=\"og:url\" content=\"https:\/\/www.formeduc.ca\/en\/detection-et-prevention-des-abus-sexuels-2\/\" \/>\n<meta property=\"og:site_name\" content=\"Formeduc\" \/>\n<script type=\"application\/ld+json\" class=\"yoast-schema-graph\">{\"@context\":\"https:\/\/schema.org\",\"@graph\":[{\"@type\":\"WebPage\",\"@id\":\"https:\/\/www.formeduc.ca\/en\/detection-et-prevention-des-abus-sexuels-2\/\",\"url\":\"https:\/\/www.formeduc.ca\/en\/detection-et-prevention-des-abus-sexuels-2\/\",\"name\":\"D\u00e9tection et pr\u00e9vention des abus sexuels - Formeduc\",\"isPartOf\":{\"@id\":\"https:\/\/www.formeduc.ca\/en\/#website\"},\"datePublished\":\"2015-03-26T16:40:17+00:00\",\"breadcrumb\":{\"@id\":\"https:\/\/www.formeduc.ca\/en\/detection-et-prevention-des-abus-sexuels-2\/#breadcrumb\"},\"inLanguage\":\"en-US\",\"potentialAction\":[{\"@type\":\"ReadAction\",\"target\":[\"https:\/\/www.formeduc.ca\/en\/detection-et-prevention-des-abus-sexuels-2\/\"]}]},{\"@type\":\"BreadcrumbList\",\"@id\":\"https:\/\/www.formeduc.ca\/en\/detection-et-prevention-des-abus-sexuels-2\/#breadcrumb\",\"itemListElement\":[{\"@type\":\"ListItem\",\"position\":1,\"name\":\"Accueil\",\"item\":\"https:\/\/www.formeduc.ca\/en\/\"},{\"@type\":\"ListItem\",\"position\":2,\"name\":\"D\u00e9tection et pr\u00e9vention des abus sexuels\"}]},{\"@type\":\"WebSite\",\"@id\":\"https:\/\/www.formeduc.ca\/en\/#website\",\"url\":\"https:\/\/www.formeduc.ca\/en\/\",\"name\":\"Formeduc\",\"description\":\"\",\"potentialAction\":[{\"@type\":\"SearchAction\",\"target\":{\"@type\":\"EntryPoint\",\"urlTemplate\":\"https:\/\/www.formeduc.ca\/en\/?s={search_term_string}\"},\"query-input\":{\"@type\":\"PropertyValueSpecification\",\"valueRequired\":true,\"valueName\":\"search_term_string\"}}],\"inLanguage\":\"en-US\"}]}<\/script>\n<!-- \/ Yoast SEO plugin. -->","yoast_head_json":{"title":"D\u00e9tection et pr\u00e9vention des abus sexuels - Formeduc","robots":{"index":"index","follow":"follow","max-snippet":"max-snippet:-1","max-image-preview":"max-image-preview:large","max-video-preview":"max-video-preview:-1"},"canonical":"https:\/\/www.formeduc.ca\/en\/detection-et-prevention-des-abus-sexuels-2\/","og_locale":"en_US","og_type":"article","og_title":"D\u00e9tection et pr\u00e9vention des abus sexuels - Formeduc","og_description":"D\u00e9tection et pr\u00e9vention des abus sexuels","og_url":"https:\/\/www.formeduc.ca\/en\/detection-et-prevention-des-abus-sexuels-2\/","og_site_name":"Formeduc","schema":{"@context":"https:\/\/schema.org","@graph":[{"@type":"WebPage","@id":"https:\/\/www.formeduc.ca\/en\/detection-et-prevention-des-abus-sexuels-2\/","url":"https:\/\/www.formeduc.ca\/en\/detection-et-prevention-des-abus-sexuels-2\/","name":"D\u00e9tection et pr\u00e9vention des abus sexuels - Formeduc","isPartOf":{"@id":"https:\/\/www.formeduc.ca\/en\/#website"},"datePublished":"2015-03-26T16:40:17+00:00","breadcrumb":{"@id":"https:\/\/www.formeduc.ca\/en\/detection-et-prevention-des-abus-sexuels-2\/#breadcrumb"},"inLanguage":"en-US","potentialAction":[{"@type":"ReadAction","target":["https:\/\/www.formeduc.ca\/en\/detection-et-prevention-des-abus-sexuels-2\/"]}]},{"@type":"BreadcrumbList","@id":"https:\/\/www.formeduc.ca\/en\/detection-et-prevention-des-abus-sexuels-2\/#breadcrumb","itemListElement":[{"@type":"ListItem","position":1,"name":"Accueil","item":"https:\/\/www.formeduc.ca\/en\/"},{"@type":"ListItem","position":2,"name":"D\u00e9tection et pr\u00e9vention des abus sexuels"}]},{"@type":"WebSite","@id":"https:\/\/www.formeduc.ca\/en\/#website","url":"https:\/\/www.formeduc.ca\/en\/","name":"Formeduc","description":"","potentialAction":[{"@type":"SearchAction","target":{"@type":"EntryPoint","urlTemplate":"https:\/\/www.formeduc.ca\/en\/?s={search_term_string}"},"query-input":{"@type":"PropertyValueSpecification","valueRequired":true,"valueName":"search_term_string"}}],"inLanguage":"en-US"}]}},"description":{"rendered":"<p class=\"attachment\"><a href='https:\/\/www.formeduc.ca\/wp-content\/uploads\/woocommerce_uploads\/2012\/05\/D\u00e9tection-et-pr\u00e9vention-des-abus-sexuels.pdf'>D\u00e9tection et pr\u00e9vention des abus sexuels<\/a><\/p>\n"},"caption":{"rendered":"<p>D\u00e9tection et pr\u00e9vention des abus sexuels<\/p>\n"},"alt_text":"","media_type":"file","mime_type":"application\/pdf","media_details":{},"post":null,"source_url":"https:\/\/www.formeduc.ca\/wp-content\/uploads\/woocommerce_uploads\/2012\/05\/D\u00e9tection-et-pr\u00e9vention-des-abus-sexuels.pdf","_links":{"self":[{"href":"https:\/\/www.formeduc.ca\/en\/wp-json\/wp\/v2\/media\/90391","targetHints":{"allow":["GET"]}}],"collection":[{"href":"https:\/\/www.formeduc.ca\/en\/wp-json\/wp\/v2\/media"}],"about":[{"href":"https:\/\/www.formeduc.ca\/en\/wp-json\/wp\/v2\/types\/attachment"}],"author":[{"embeddable":true,"href":"https:\/\/www.formeduc.ca\/en\/wp-json\/wp\/v2\/users\/1175"}],"replies":[{"embeddable":true,"href":"https:\/\/www.formeduc.ca\/en\/wp-json\/wp\/v2\/comments?post=90391"}]}}

https://www.formeduc.ca/wp-content/uploads/woocommerce_uploads/2012/05/Détection-et-prévention-des-abus-sexuels.pdf

Détection et prévention des abus sexuels

<!-- This site is optimized with the Yoast SEO plugin v26.5 - https://yoast.com/wordpress/plugins/seo/ -->
<title>Détection et prévention des abus sexuels - Formeduc</title>
<meta name="robots" content="index, follow, max-snippet:-1, max-image-preview:large, max-video-preview:-1" />
<link rel="canonical" href="https://www.formeduc.ca/en/detection-et-prevention-des-abus-sexuels-2/" />
<meta property="og:locale" content="en_US" />
<meta property="og:type" content="article" />
<meta property="og:title" content="Détection et prévention des abus sexuels - Formeduc" />
<meta property="og:description" content="Détection et prévention des abus sexuels" />
<meta property="og:url" content="https://www.formeduc.ca/en/detection-et-prevention-des-abus-sexuels-2/" />
<meta property="og:site_name" content="Formeduc" />
<script type="application/ld+json" class="yoast-schema-graph">{"@context":"https://schema.org","@graph":[{"@type":"WebPage","@id":"https://www.formeduc.ca/en/detection-et-prevention-des-abus-sexuels-2/","url":"https://www.formeduc.ca/en/detection-et-prevention-des-abus-sexuels-2/","name":"Détection et prévention des abus sexuels - Formeduc","isPartOf":{"@id":"https://www.formeduc.ca/en/#website"},"datePublished":"2015-03-26T16:40:17+00:00","breadcrumb":{"@id":"https://www.formeduc.ca/en/detection-et-prevention-des-abus-sexuels-2/#breadcrumb"},"inLanguage":"en-US","potentialAction":[{"@type":"ReadAction","target":["https://www.formeduc.ca/en/detection-et-prevention-des-abus-sexuels-2/"]}]},{"@type":"BreadcrumbList","@id":"https://www.formeduc.ca/en/detection-et-prevention-des-abus-sexuels-2/#breadcrumb","itemListElement":[{"@type":"ListItem","position":1,"name":"Accueil","item":"https://www.formeduc.ca/en/"},{"@type":"ListItem","position":2,"name":"Détection et prévention des abus sexuels"}]},{"@type":"WebSite","@id":"https://www.formeduc.ca/en/#website","url":"https://www.formeduc.ca/en/","name":"Formeduc","description":"","potentialAction":[{"@type":"SearchAction","target":{"@type":"EntryPoint","urlTemplate":"https://www.formeduc.ca/en/?s={search_term_string}"},"query-input":{"@type":"PropertyValueSpecification","valueRequired":true,"valueName":"search_term_string"}}],"inLanguage":"en-US"}]}</script>
<!-- / Yoast SEO plugin. -->

Détection et prévention des abus sexuels - Formeduc

<p class="attachment"><a href='https://www.formeduc.ca/wp-content/uploads/woocommerce_uploads/2012/05/Détection-et-prévention-des-abus-sexuels.pdf'>Détection et prévention des abus sexuels</a></p>

<p>Détection et prévention des abus sexuels</p>
